*p + 1309 + 959. Calculate the remainder when p is divided by 64.
62
Suppose 3*k - 11 = -r + 31, -5*k - 25 = 0. Suppose 7*x - 115 = 32. Let l = r - x. Calculate the remainder when l is divided by 13.
10
Suppose 18*m = 22*m - 12. What is the remainder when 36 is divided by m?
0
Suppose 8 = 6*y - 16. What is the remainder when (-126)/(-7) - (-6)/(-2) is divided by y?
3
Let j = 69 + -56. Let r = 56 + -5. Calculate the remainder when r is divided by j.
12
Let i be 6/6*2*1. Let p = 2 - i. Suppose p*j = 4*j - 56. What is the remainder when 26 is divided by j?
12
Suppose 0*h = 5*t - 3*h - 22, -2*t = -3*h - 7. What is the remainder when 5 is divided by t?
0
Calculate the remainder when 309/6*(-7 - -9) is divided by 29.
16
Let m(x) = -x - 15. What is the remainder when 37 is divided by m(-20)?
2
Let g = -162 - -170. What is the remainder when 101 is divided by g?
5
Suppose 0 = 6*f - f - 3*t, 0 = 2*f + 4*t - 26. Suppose -f*j = 4*n - 27, 3*n - 2*j - 29 = -6*j. What is the remainder when 8 is divided by n?
2
Suppose 3*x - 6*x + 3*w = 459, -4*x - 5*w = 585. Calculate the remainder when (-1*3 + x/(-9))*9 is divided by 25.
23
Let g(s) = s**2 - 6*s + 4. Let j be g(6). Let v be (-44)/66 - (-214)/6. Suppose j*k - 1 - v = 0. What is the remainder when 16 is divided by k?
7
Suppose -5*d + 20 + 77 = 3*o, 24 = d - 4*o. What is the remainder when 54 is divided by d?
14
Calculate the remainder when 6/(-16) + 2907/72 is divided by 5.
0
Let a be (-33)/(-7) - (-34)/119. Suppose -5 = a*d, -w + 0*w - d + 27 = 0. Calculate the remainder when w is divided by 12.
4
Suppose -28*u + 9*u + 361 = 0. What is the remainder when 64 is divided by u?
7
Suppose -2*h - 2*h = 2*p - 98, -3*h + 41 = -5*p. Calculate the remainder when 104 is divided by h.
16
Let t(p) = -p**3 + 11*p**2 - 10*p + 4. Suppose 6*v - 130 = 4*v. Calculate the remainder when v is divided by t(10).
1
Let l = -268 - -445. What is the remainder when l is divided by 18?
15
Let s = 283 - 257. Calculate the remainder when 113 is divided by s.
9
Suppose 3*i - 588 = 10*i. Let v = 118 + i. What is the remainder when v is divided by 9?
7
Let g(p) = 22*p - 7. Let v = -14 + 16. What is the remainder when 108 is divided by g(v)?
34
Let n = 481 + -459. Let b = -5 + 9. Suppose -35 = -5*c + 5*a, 9 + 11 = 4*c + b*a. Calculate the remainder when n is divided by c.
4
Suppose 2*z + 24 = -2*z. Let t(k) = 12*k**3 - k**2 + k + 2. Let l be t(-1). Calculate the remainder when (261/l)/(z/8) is divided by 6.
5
Let g = 711 + -651. Calculate the remainder when g is divided by 24.
12
Suppose 0 = 2*x - 38 - 332. What is the remainder when x is divided by 34?
15
Let p = -11 + 12. Calculate the remainder when p*15/5 - -90 is divided by 19.
17
Suppose 5*y - 2*y = 2*k - 4, 7 = -3*y - k. Let f(h) = -h**3 + 4. Calculate the remainder when 69 is divided by f(y).
9
Suppose 6*d + 44 = 2*d. Let p = d - -23. What is the remainder when 23 is divided by p?
11
Suppose -39 + 19 = -z. Calculate the remainder when 239 is divided by z.
19
What is the remainder when -14 - -150 - (-4 - 4/(-4)) is divided by 7?
6
What is the remainder when 78 is divided by 456/798 - (-272)/14?
18
Let u = 19 - 23. Let t = u - -15. What is the remainder when t is divided by 4?
3
Suppose 9*h - 2*h - 161 = 0. Let k = 68 - h. What is the remainder when k is divided by 26?
19
Let y(l) = 4*l**2 - l - 1. Let q(u) = 2*u**2 - u - 1. Let b be q(2). Let g(f) = 3*f**2 - 4*f + 7. Calculate the remainder when g(b) is divided by y(3).
30
Let x(c) = 22*c + 1. Let d be x(3). Suppose 0 = 6*o - d + 25. Calculate the remainder when 0 + (-123)/(-2 - 1) is divided by o.
6
Suppose b - 37 = -7*x + 6*x, -2*x = -5*b - 67. What is the remainder when x is divided by 36?
0
Let z be 1/3 - (-64)/(-3). Calculate the remainder when (z/12)/(1/(-8)) is divided by 6 + 24/(-11) - 4/(-22).
2
Suppose -z + 3*z - 12 = p, 20 = -p + 4*z. Let j be (-6)/(-3) - (-2 - p). What is the remainder when j + 1 + 2 + 14 is divided by 6?
5
Let g(z) = z + 61. Suppose -2*y + 52 = -5*l, l - 29 = 4*l + y. Let o = 6 - l. Calculate the remainder when g(-15) is divided by o.
14
Calculate the remainder when 245 is divided by ((-36)/(-54))/(2/189).
56
Let w(d) = 13*d - 3. Let f be (9 - (2 - 0))*(1 - 6). Let t = -29 - f. What is the remainder when w(2) is divided by t?
5
Let n(j) = -7*j**3 - j**2 + 15*j - 7. Calculate the remainder when 629 is divided by n(-3).
117
Suppose -1360 = -9*c + 269. Calculate the remainder when c is divided by 8.
5
Let x(l) = -50*l - 234. Calculate the remainder when 36 is divided by x(-5).
4
Let r(k) = -k**3 + 5*k**2 + 15*k + 31. What is the remainder when r(7) is divided by 23?
15
Let o(j) = -j**3 + 6*j**2 + j - 5. Let i be o(6). Calculate the remainder when (i/(-2))/((-10)/900) is divided by 16.
13
Suppose 238 = 7*n + 49. Suppose 5*p = -20, -3*q = -7*q - 5*p + 8. What is the remainder when n is divided by q?
6
Let f(h) = h**3 - 11*h**2 + 2*h + 6. Let z be f(11). Suppose -4 = 2*y - 14, 4*y + z = w. What is the remainder when w is divided by 13?
9
Suppose -b - 664 = -5*b. Suppose 4*m - 4*w - 175 = 33, -b = -3*m - 2*w. Calculate the remainder when m is divided by 11.
10
Let r(m) = 27*m**2 + m + 2. Let a be r(-1). Suppose 22 + a = 2*n - 2*q, 4*n - 3*q = 104. Calculate the remainder when n is divided by 15.
14
Suppose -52*z - 329 = -1577. Calculate the remainder when 148 is divided by z.
4
Let u = 2 + -1. Let l be 2*1*165/10. Suppose 0 = -3*b + 39 - l. Calculate the remainder when b is divided by u.
0
Let h(n) = 3*n + 179. Calculate the remainder when h(-8) is divided by 52.
51
Let p(c) = 34*c - 265. Calculate the remainder when 90 is divided by p(8).
6
Let n = 1 - 1. Suppose 2 = -5*y + 2. What is the remainder when 25 is divided by (-18)/(-2 - (y + n))?
7
Let w = 11 + -22. Let d = 13 + w. Suppose 4*a = -4*v + 48, -4*v + d*a = -v - 46. What is the remainder when v is divided by 8?
6
Suppose 0 = 3*h - 4*b - 41 - 36, -5*h + 117 = -b. Suppose 0 = -t - 67 + h. Let p = t + 76. What is the remainder when p is divided by 7?
4
Suppose -1065 = 8*v - 1329. What is the remainder when 34 is divided by v?
1
Let q = -184 - -325. Calculate the remainder when q is divided by 73.
68
Let r = 23 + 8. What is the remainder when r is divided by (6 - -8)*40/70?
7
Let w = 8 - 24. Let m = 18 + w. Let p(s) = -s**3 + 4*s**2 + 6*s - 3. Calculate the remainder when p(5) is divided by m.
0
Let i be ((-6)/(-9))/(8/492). Let w = 51 - i. Let h = 4 - -14. Calculate the remainder when h is divided by w.
8
Suppose 1800*o - 117 = 1791*o. What is the remainder when 49 is divided by o?
10
Let p be ((-4)/(-5))/((-2)/(-220)*1). Calculate the remainder when 112 is divided by p/3 + -3 + 32/12.
25
Suppose -2*p + 22 + 44 = -2*x, 0 = -4*p - 2*x + 132. Calculate the remainder when 59 is divided by p.
26
Let c = 187 + -116. Suppose 0 = -2*z + b + c, 0*z = -2*z + 5*b + 91. Let u = z + -5. What is the remainder when u is divided by 10?
8
Suppose -2*s - 24 = j, 4*s - 15 = j - 3. Let b = j + 34. What is the remainder when 27 is divided by b?
13
Let f(z) = z**2 + 4*z. Let t be f(-4). Suppose w - 64 - 45 = t. Suppose i - w = -3*k - 0*i, -5*k = i - 183. Calculate the remainder when k is divided by 13.
11
Let p(r) = 7*r - 19. Let d be p(4). Let o(b) = -b**3 + 7*b**2 + 22*b - 7. What is the remainder when 114 is divided by o(d)?
27
Let q be (-8)/16 - (-3)/2 - -267. Suppose -13*u = -q + 60. Calculate the remainder when 77 is divided by u.
13
Suppose 781 + 3734 = 21*o. Calculate the remainder when o is divided by 27.
26
Calculate the remainder when (16 - 14) + 85*1 is divided by 18.
15
Suppose -n + 3*n + 6 = 0, -4*b + 99 = -n. What is the remainder when 2/6 + (-275)/(-3) is divided by b?
20
Suppose 271 - 44 = 3*u - h, -3*u + 215 = -4*h. Suppose -q + 0*q - 4*q = 0. Suppose q = 15*v + 2*v - 340. What is the remainder when u is divided by v?
17
Suppose -4*j + 376 = l + l, 2*j + 2*l = 190. What is the remainder when j is divided by 32?
29
Suppose -3*o - 2 - 4 = 0, -g + 3*o = -15. Let h be 1*(1 + -5 + 5). Calculate the remainder when g is divided by 4/(-3)*-3 - h.
0
Let m(t) = -7*t**2 - 2. Let g be m(-2). Suppose -4*u = -20, 211 - 32 = 4*y - u. Let z = y + g. What is the remainder when z is divided by 9?
7
Suppose 5 = j, 4*a - 2*j - 88 = -6*j. Let m(i) = 5*i - 16. Let b be m(11).